mainder when 4559 is divided by 569.
7
What is the remainder when 55159 is divided by 187?
181
What is the remainder when 294529 is divided by 218?
11
What is the remainder when 18209 is divided by 674?
11
What is the remainder when 3901 is divided by 1938?
25
Calculate the remainder when 2327 is divided by 205.
72
Calculate the remainder when 107087 is divided by 46.
45
Calculate the remainder when 5470 is divided by 5.
0
What is the remainder when 1811374 is divided by 72?
70
What is the remainder when 3319 is divided by 84?
43
What is the remainder when 983866 is divided by 873?
868
What is the remainder when 2010822 is divided by 135?
132
What is the remainder when 338484 is divided by 28207?
0
What is the remainder when 533 is divided by 54?
47
Calculate the remainder when 13673 is divided by 1953.
2
Calculate the remainder when 97810 is divided by 38.
36
Calculate the remainder when 14859 is divided by 119.
103
What is the remainder when 1337 is divided by 187?
28
What is the remainder when 172863 is divided by 292?
291
Calculate the remainder when 141917 is divided by 14191.
7
Calculate the remainder when 246028 is divided by 417.
415
Calculate the remainder when 328154 is divided by 5.
4
Calculate the remainder when 6779 is divided by 212.
207
Calculate the remainder when 233781 is divided by 116884.
13
What is the remainder when 68908 is divided by 5300?
8
What is the remainder when 897 is divided by 121?
50
What is the remainder when 1343 is divided by 1312?
31
Calculate the remainder when 998106 is divided by 437.
435
What is the remainder when 9223 is divided by 149?
134
What is the remainder when 9188 is divided by 901?
178
Calculate the remainder when 19707 is divided by 26.
25
What is the remainder when 38385 is divided by 38?
5
What is the remainder when 11234 is divided by 194?
176
Calculate the remainder when 715 is divided by 491.
224
What is the remainder when 1525 is divided by 379?
9
Calculate the remainder when 2858633 is divided by 44.
41
What is the remainder when 4637 is divided by 1694?
1249
Calculate the remainder when 2382057 is divided by 222.
219
Calculate the remainder when 3387 is divided by 80.
27
What is the remainder when 3281 is divided by 3269?
12
Calculate the remainder when 27035 is divided by 211.
27
What is the remainder when 35534 is divided by 103?
102
What is the remainder when 566819 is divided by 29?
14
What is the remainder when 113865 is divided by 28464?
9
What is the remainder when 62544 is divided by 15?
9
Calculate the remainder when 264977 is divided by 5.
2
What is the remainder when 9361 is divided by 256?
145
Calculate the remainder when 22246 is divided by 767.
3
What is the remainder when 3601 is divided by 3584?
17
What is the remainder when 485574 is divided by 232?
230
What is the remainder when 380229 is divided by 12?
9
What is the remainder when 33486 is divided by 65?
11
What is the remainder when 46328 is divided by 206?
184
What is the remainder when 8494 is divided by 2813?
55
What is the remainder when 21156 is divided by 30?
6
Calculate the remainder when 265164 is divided by 549.
546
What is the remainder when 197081 is divided by 571?
86
Calculate the remainder when 395673 is divided by 87.
84
Calculate the remainder when 84625 is divided by 290.
235
Calculate the remainder when 76912 is divided by 203.
178
What is the remainder when 23291 is divided by 653?
436
What is the remainder when 3141 is divided by 966?
243
What is the remainder when 15524 is divided by 47?
14
What is the remainder when 24618 is divided by 12277?
64
Calculate the remainder when 564 is divided by 490.
74
What is the remainder when 48858 is divided by 28?
26
Calculate the remainder when 6550628 is divided by 23.
21
What is the remainder when 636421 is divided by 79?
76
Calculate the remainder when 9304 is divided by 434.
190
Calculate the remainder when 322393 is divided by 77.
71
Calculate the remainder when 34392 is divided by 256.
88
Calculate the remainder when 23395 is divided by 21.
1
Calculate the remainder when 2124 is divided by 179.
155
What is the remainder when 9642 is divided by 155?
32
Calculate the remainder when 60702 is divided by 349.
325
What is the remainder when 5229 is divided by 267?
156
Calculate the remainder when 1532 is divided by 64.
60
Calculate the remainder when 21626 is divided by 21621.
5
Calculate the remainder when 2554305 is divided by 12.
9
What is the remainder when 10010 is divided by 9997?
13
Calculate the remainder when 31236 is divided by 31222.
14
What is the remainder when 1300734 is divided by 29?
26
What is the remainder when 696955 is divided by 396?
391
Calculate the remainder when 398 is divided by 157.
84
Calculate the remainder when 2747 is divided by 120.
107
What is the remainder when 1106 is divided by 810?
296
What is the remainder when 5931 is divided by 333?
270
Calculate the remainder when 422627 is divided by 19210.
7
Calculate the remainder when 521594 is divided by 52159.
4
What is the remainder when 1525 is divided by 411?
292
Calculate the remainder when 205214 is divided by 176.
174
What is the remainder when 17982 is divided by 5867?
381
Calculate the remainder when 5021 is divided by 75.
71
What is the remainder when 1253997 is divided by 110?
107
What is the remainder when 17158 is divided by 220?
218
What is the remainder when 3344 is divided by 827?
36
What is the remainder when 1007 is divided by 126?
125
What is the remainder when 49003 is divided by 351?
214
Calculate the remainder when 34892 is divided by 851.
1
What is the remainder when 20158 is divided by 141?
136
Calculate the remainder when 20917 is divided by 597.
22
Calculate the remainder when 2771 is divided by 308.
307
What is the remainder when 2890 is divided by 2873?
17
What is the remainder when 2025 is divided by 254?
247
What is the remainder when 159458 is divided by 70?
68
What is the remainder when 66562 is divided by 16624?
66
Calculate the remainder when 56573 is divided by 104.
101
Calculate the remainder when 927 is divided by 924.
3
What is the remainder when 739 is divided by 154?
123
Calculate the remainder when 2176 is divided by 740.
696
Calculate the remainder when 29945 is divided by 46.
45
What is the remainder when 284754 is divided by 56949?
9
What is the remainder when 9151 is divided by 176?
175
What is the remainder when 34206 is divided by 17056?
94
What is the remainder when 1601 is divided by 661?
279
What is the remainder when 3628311 is divided by 316?
315
Calculate the remainder when 2247 is divided by 83.
6
What is the remainder when 5857836 is divided by 81?
78
What is the remainder when 3676399 is divided by 350?
349
Calculate the remainder when 63301 is divided by 182.
147
What is the remainder when 12197 is divided by 124?
45
What is the remainder when 28624 is divided by 46?
12
Calculate the remainder when 9579 is divided by 37.
33
Calculate the remainder when 16329 is divided by 1632.
9
What is the remainder when 3192 is divided by 268?
244
Calculate the remainder when 18651 is divided by 42.
3
Calculate the remainder when 347517 is divided by 210.
177
What is the remainder when 682144 is divided by 21317?
0
Calculate the remainder when 547145 is divided by 15.
5
Calculate the remainder when 337328 is divided by 499.
4
Calculate the remainder when 22744 is divided by 121.
117
What is the remainder when 855 is divided by 223?
186
What is the remainder when 5301 is divided by 1700?
201
Calculate the remainder when 7300223 is divided by 26.
21
Calculate the remainder when 23987 is divided by 571.
5
What is the remainder when 17102 is divided by 8?
6
What is the remainder when 693366 is divided by 104?
102
What is the remainder when 56998 is divided by 24?
22
Calculate the remainder when 3119113 is divided by 76.
73
Calculate the remainder when 79976 is divided by 1818.
1802
What is the remainder when 32680 is divided by 53?
32
Calculate the remainder when 261819 is divided by 22.
19
What is the remainder when 2193 is divided by 20?
13
What is the remainder when 2868 is divided by 1419?
30
What is the remainder when 165029 is divided by 202?
197
What is the remainder when 1121715 is divided by 13?
10
What is the remainder when 